{"id":97,"date":"2017-12-20T13:13:33","date_gmt":"2017-12-20T13:13:33","guid":{"rendered":"http:\/\/www.dvere-bonsap.cz\/?page_id=97"},"modified":"2017-12-21T13:55:10","modified_gmt":"2017-12-21T13:55:10","slug":"bezpecnostni-dvere","status":"publish","type":"page","link":"https:\/\/www.dvere-bonsap.cz\/index.php\/bezpecnostni-dvere\/","title":{"rendered":"Bezpe\u010dnostn\u00ed dve\u0159e"},"content":{"rendered":"<p><img loading=\"lazy\" decoding=\"async\" class=\"wp-image-245 alignleft\" src=\"http:\/\/www.dvere-bonsap.cz\/wp-content\/uploads\/2017\/12\/rez_bezpecnostnych_dveri_securido-229x300.png\" alt=\"\" width=\"173\" height=\"226\" srcset=\"https:\/\/www.dvere-bonsap.cz\/wp-content\/uploads\/2017\/12\/rez_bezpecnostnych_dveri_securido-229x300.png 229w, https:\/\/www.dvere-bonsap.cz\/wp-content\/uploads\/2017\/12\/rez_bezpecnostnych_dveri_securido.png 600w\" sizes=\"auto, (max-width: 173px) 100vw, 173px\" \/><img loading=\"lazy\" decoding=\"async\" class=\"wp-image-258 alignleft\" src=\"http:\/\/www.dvere-bonsap.cz\/wp-content\/uploads\/2017\/12\/bezpecnostn_dvere-300x167.jpg\" alt=\"\" width=\"397\" height=\"221\" srcset=\"https:\/\/www.dvere-bonsap.cz\/wp-content\/uploads\/2017\/12\/bezpecnostn_dvere-300x167.jpg 300w, https:\/\/www.dvere-bonsap.cz\/wp-content\/uploads\/2017\/12\/bezpecnostn_dvere.jpg 635w\" sizes=\"auto, (max-width: 397px) 100vw, 397px\" \/> <img loading=\"lazy\" decoding=\"async\" class=\"wp-image-259 alignleft\" src=\"http:\/\/www.dvere-bonsap.cz\/wp-content\/uploads\/2017\/12\/Premium-struktura-300x296.jpg\" alt=\"\" width=\"223\" height=\"220\" srcset=\"https:\/\/www.dvere-bonsap.cz\/wp-content\/uploads\/2017\/12\/Premium-struktura-300x296.jpg 300w, https:\/\/www.dvere-bonsap.cz\/wp-content\/uploads\/2017\/12\/Premium-struktura.jpg 661w\" sizes=\"auto, (max-width: 223px) 100vw, 223px\" \/><\/p>\n","protected":false},"excerpt":{"rendered":"","protected":false},"author":1,"featured_media":0,"parent":0,"menu_order":0,"comment_status":"closed","ping_status":"closed","template":"","meta":{"footnotes":""},"class_list":["post-97","page","type-page","status-publish","hentry"],"_links":{"self":[{"href":"https:\/\/www.dvere-bonsap.cz\/index.php\/wp-json\/wp\/v2\/pages\/97","targetHints":{"allow":["GET"]}}],"collection":[{"href":"https:\/\/www.dvere-bonsap.cz\/index.php\/wp-json\/wp\/v2\/pages"}],"about":[{"href":"https:\/\/www.dvere-bonsap.cz\/index.php\/wp-json\/wp\/v2\/types\/page"}],"author":[{"embeddable":true,"href":"https:\/\/www.dvere-bonsap.cz\/index.php\/wp-json\/wp\/v2\/users\/1"}],"replies":[{"embeddable":true,"href":"https:\/\/www.dvere-bonsap.cz\/index.php\/wp-json\/wp\/v2\/comments?post=97"}],"version-history":[{"count":12,"href":"https:\/\/www.dvere-bonsap.cz\/index.php\/wp-json\/wp\/v2\/pages\/97\/revisions"}],"predecessor-version":[{"id":260,"href":"https:\/\/www.dvere-bonsap.cz\/index.php\/wp-json\/wp\/v2\/pages\/97\/revisions\/260"}],"wp:attachment":[{"href":"https:\/\/www.dvere-bonsap.cz\/index.php\/wp-json\/wp\/v2\/media?parent=97"}],"curies":[{"name":"wp","href":"https:\/\/api.w.org\/{rel}","templated":true}]}}